1
Let x = -1 - -3. Let z(d) = -1 + d**3 - x + d - 2*d**2 - 7*d + 4*d. What is the units digit of z(4)?
1
Let r(k) = 706*k - 2. Let a be r(-2). Let v be a/(-2) + (-11)/(-11). What is the units digit of 4/(-14) + v/28?
5
Let x(s) = -3*s - 26. Let q be x(-10). Suppose l - q*k - 78 = 0, 4*l - 3*k - 151 = 122. What is the units digit of l?
6
Suppose 3*f - 2*m - 1253 = 0, 3*f - 274 - 991 = 5*m. What is the units digit of f?
5
Let o be ((-9)/(-3) + -1)/(-2). What is the units digit of ((-2)/(-6))/(o/(-21))?
7
What is the units digit of 1/1 + 27 + 208?
6
Suppose 1134 = 42*o - 1722. What is the tens digit of o?
6
Let p(h) = 2 - 7*h + 3*h + h - 8*h. Let y be p(2). Let t = -5 - y. What is the tens digit of t?
1
Let x = 360 - -638. What is the hundreds digit of x?
9
Let p(c) = -2*c - 25. Let d(o) = -o - 12. Let v(w) = -13*d(w) + 6*p(w). Let n(u) = u**3 + 18*u**2 + 55*u - 11. Let y be n(-14). What is the units digit of v(y)?
9
Suppose -b + 2561 = -5*q, 2*b + 2*q + 2567 = 3*b. What is the tens digit of b?
7
Let k = 76 - -406. What is the units digit of k?
2
Suppose -45704 = -12*q - 4988. What is the thousands digit of q?
3
Suppose -2*j - 2809 = -3*u - j, 4*u = -4*j + 3772. What is the tens digit of u?
3
Suppose -2*v = 4*v + 12. Let d be 12 - 4/v - -2. Let b = d + 0. What is the units digit of b?
6
Let m = -142 - -613. What is the tens digit of m?
7
Let u = 555 + -364. What is the units digit of u?
1
Suppose -4*o + 3*s = -60, -3*o + 2*s + 3 + 42 = 0. What is the units digit of o?
5
Let z be 14 + -13 - 55/(-1). Suppose 2*k = -2*i + 7*i - 140, -4*k = 2*i - z. What is the tens digit of i?
2
What is the hundreds digit of (3 - (-38)/(-6))*-315?
0
Let s be (-8)/((-36)/(-16) + -2). Let v = -7 - s. Suppose 3*w - 4*k - 75 = 0, -4*w + 75 + v = 3*k. What is the units digit of w?
5
Let d(p) = p**3 + p**2 - 62*p - 14. What is the tens digit of d(13)?
4
Suppose 0 = 2*r - 0*r - 4*a - 62, 28 = r - 5*a. What is the units digit of -3 + r - (-1 + 3)?
8
Let y = -18 - -48. Suppose z - 17 = -2*t - 4*z, 5*t - 2*z = -y. What is the units digit of 20/8 + (-6)/t?
4
Let w be -9 - -1 - (9 + -13). What is the units digit of -26*w/(32/28)*1?
1
Suppose d + 3 = 2*d. Let w = -11 + 13. Suppose -i + w*t = -2, 2 = i + d*t - 5. What is the units digit of i?
4
Let n(t) = 4*t + 8. Let c be n(0). Suppose 435 = c*y + 107. What is the tens digit of y?
4
Suppose -4*x + 101 = -w, 2*w = 4*w + 3*x + 191. Let n = 148 + w. Suppose 0 = -5*v - 3*b + n, -7*v - 5*b = -2*v - 45. What is the tens digit of v?
1
What is the units digit of (-713479)/(-497) + (-3)/(-7)?
6
Suppose -11*z + 7430 = -z. What is the hundreds digit of z?
7
Let k = -58 + 62. Suppose 3*w - q = 106, 2*q = 2*w - 64 - k. What is the units digit of w?
6
Let z(j) = j + 7. Let f be z(-9). Let m be (-22)/4 - 3/f. Let h(s) = 3*s**2 + 5*s - 3. What is the units digit of h(m)?
5
Let f = -21 + 127. Let k = -30 + f. What is the tens digit of 2*2/(16/k)?
1
Let c(d) = d**3 - 2*d**2 - 3*d + 4. Let r be c(6). Let w be (6 - 2 - 1)/1. Suppose -3*m + 48 = -w*j, -r = -4*m - 4*j - 34. What is the tens digit of m?
2
Suppose 2*x = 4*x - 32. Let w be (2 - x/4) + 32. Let p = 57 - w. What is the tens digit of p?
2
Let d = -5 - -3. Let c be (3 - (d - -3)) + -2. Suppose -4*g + 30 + 58 = c. What is the tens digit of g?
2
Let z(w) = 171*w + 13. Let s be z(4). Suppose 9*r - s = 770. What is the hundreds digit of r?
1
Suppose 2 = -2*h - 2. What is the units digit of (-1 + 1 + h)*(-14)/28?
1
Let g(n) = -n**3 - 24*n**2 + 45*n - 13. What is the tens digit of g(-26)?
6
Let d = 4608 - 2550. What is the thousands digit of d?
2
Suppose 0 = -4*x - 20, 0 = -4*z - x + 3833 + 94. What is the units digit of z?
3
Suppose 4*f - 3788 = -3*j, -3*j = -j - f - 2529. What is the thousands digit of j?
1
Let z = 74 + 194. What is the hundreds digit of z?
2
Let q = 3113 + -18. What is the tens digit of q?
9
Let j(w) = w**3 - 7*w**2 + 8*w - 7. Let l be j(6). Suppose -220 = 3*g - l*g. What is the hundreds digit of g?
1
Let k(o) = o**3 - 7*o**2 + 9*o - 1. Let j be k(6). Let s(p) = p**3 - 17*p**2 + 15*p - 11. What is the hundreds digit of s(j)?
2
Let g(b) = b**3 - 3*b**2 - 4. Let u be g(4). Suppose 0 = 3*t + h - 0*h - 3, 0 = 2*t + 4*h - 2. What is the units digit of 336/u + 3*t?
1
Suppose 16 = -4*c, a - 4*c - 262 - 60 = 0. What is the hundreds digit of a?
3
Let w(q) be the third derivative of q**5/30 + 3*q**4/4 + 41*q**3/6 + 4*q**2 + q. What is the units digit of w(-9)?
1
Suppose 0 = -k + 3*k - 8. Let h be 0 + -7 + -4 + 81. What is the units digit of h/k + 2/4?
8
Suppose -5*m + 8 + 2 = 0. Suppose 2*y + y = -4*u - 199, 0 = -m*y + u - 140. Let w = -44 - y. What is the units digit of w?
5
Suppose 3*q + q - 24 = 2*k, 3*q - 18 = 2*k. Let z(m) = m - 2*m + 6*m**2 + 2*m - m**3 + 3. What is the units digit of z(q)?
9
Let x(y) = -2*y + 8. Let t be x(8). Let r be (t/(-10))/((-6)/(-15)). Suppose -3*k - 2 = -4*v + 126, -2*k = -r*v + 64. What is the units digit of v?
2
Let b = 290 - -3449. What is the tens digit of b?
3
Let n(m) = 6*m**2 + m. Let c be n(-2). Suppose 3*p - 19 = -z, -3*z + c = p + p. Suppose -2*r = -p*r + 45. What is the tens digit of r?
1
Let u(o) = -136*o - 1. Let n be u(-1). Let h = n - 96. Let v = h + -22. What is the units digit of v?
7
Let q(u) = 17*u**2 - 3 - 7*u + 1 + 6*u. Let n be q(-1). Suppose k - n = 3. What is the units digit of k?
9
Suppose -4*a - 452 = -4*f, f + 0*a = 5*a + 129. What is the hundreds digit of f?
1
Let o be 3/2 - (-490)/20. Let s(i) = -i**2 - 6*i - 4. Let v be s(-6). Let x = o + v. What is the units digit of x?
2
Suppose 4*g - 2*q = q - 49, 0 = 2*g - 4*q + 32. What is the units digit of (8/(-1))/(g/65)?
2
Let j be 1*(3 - 2)*165. Suppose 6*s = 9*s - j. Suppose 54*u - s*u = -58. What is the units digit of u?
8
Let t(p) = -8*p. Let r be t(-1). Suppose 8*a - r = 4*a. Suppose a*f - 82 = -2*x + 7*f, 4*x = -4*f + 164. What is the units digit of x?
1
Suppose 0 = -4*t + 3*l + 117 - 30, 5*l = -3*t + 58. Suppose -4*i - t = 3*i. What is the tens digit of (i - -4)*(-172)/(-4)?
4
Let a = 12 + -15. Let s be 1 - (a + 2)/1. Suppose 6*d - 80 = s*d. What is the units digit of d?
0
Let t = -2 + 5. Let o be (-1)/(-3) - (-41)/t. Let g = o - -2. What is the units digit of g?
6
Suppose 2*g - 8 + 0 = 0. Let t = g - -8. What is the units digit of ((-60)/(-9))/(8/t)?
0
Let d = 929 + -220. Suppose 2*j - d + 227 = 0. What is the hundreds digit of j?
2
Let j(k) = -k. Let w(s) = -19*s - 11. Let h(m) = 6*j(m) + w(m). Let d be h(-6). Suppose 0 = -o + 5*c - 7 + 63, 2*o - c = d. What is the tens digit of o?
7
Let n(k) = -6*k + 10*k - 4*k - k**2 + 13*k. What is the units digit of n(4)?
6
Let p(h) = -h + 1. Suppose -5*y + 4*l + 0 = 5, 5*y + 4*l + 5 = 0. Let c be p(y). Suppose 2*v + c*v - 192 = 0. What is the tens digit of v?
4
Let w(i) = 92*i + 540. What is the tens digit of w(18)?
9
Suppose -2*w - 7*p + 2991 = -2*p, 5987 = 4*w + 5*p. What is the tens digit of w?
9
Suppose 3*f = 4*p + 227, 0*p + 3*p = 12. Suppose -36 - f = -z. What is the units digit of z?
7
Suppose 3*u + 4*r = 13133, -4*u - 9*r + 10*r = -17517. What is the units digit of u?
9
Suppose 2*d - 1011 = -5*h, -5*d + 99 + 318 = 2*h. What is the units digit of h?
1
Let s = -58 - -66. Let j = s + 73. What is the tens digit of j?
8
Let d be ((-2)/6)/(5/(-90)). Let s = d + -3. Suppose s*p - p = 40. What is the tens digit of p?
2
Let j be -1*1*(-116 + -7). Suppose -5*l - c = -j, -c = 5*l + c - 126. Suppose 9*d - l = 5*d. What is the units digit of d?
6
Let l(x) = 4*x**3 - x**2. Let a be l(1). Suppose a = -v + 4*w - 6*w, w = -4*v + 23. What is the units digit of v?
7
Let r(y) = -y**2 + 55*y + 5. What is the units digit of r(14)?
9
Let j(z) = -283*z**3 + 0 + z + 0*z**2 - 1 - 2*z + z**2. What is the units digit of j(-1)?
4
Let q(a) = -2*a**2 + 15*a + 25. Let p be q(9). What is the tens digit of 246 + 0*((-5)/(-2) + p)?
4
What is the units digit of 1/2*(0 - (-5 + -7))?
6
Let o = 1852 + -728. What is the units digit of o?
4
Let z(m) = 73*m**2 - 67*m**2 + 3 + m - 5. What is the units digit of z(-2)?
0
Let r be (5 - 34)*4 - -1. Let b = r + 126. What is the units digit of b?
1
Suppose -5*s = -10, 0 = 4*m + m - 4*s - 77. Suppose -2 + m = d. What is the units digit of d?
5
Let k = 57 + 21. Let j be (-16)/(7*(-8)/(-168)). Let x = k + j. What is the units